hat is the greatest common factor of 1 and b?
1
Let y = 2068 + -1397. Calculate the highest common divisor of y and 11.
11
Let d(n) = 3*n**3 + 8*n**2 - 12*n + 47. Let i be d(7). What is the highest common factor of 8 and i?
8
Let m = -38 + -40. Let c be (0 - m)/((-4)/(-6)). Suppose -131 = 26*k - 107 - 362. Calculate the greatest common factor of k and c.
13
Let k(n) = n**2 - n - 1. Let x(r) = 3*r + 2. Let d(b) = 6*k(b) + x(b). Let g be (11/22)/(2/16). Let m be d(g). What is the greatest common divisor of 10 and m?
10
Let o be 103 + -11 + -1*1. Let y = o - 34. Let k = y - 25. Calculate the greatest common divisor of 80 and k.
16
Let v be (10*(-4)/(-35))/(2/7). Suppose -3*h + 1 = -2*h, -91 = -v*z + 5*h. What is the highest common factor of 60 and z?
12
Let u be 28/(-70) + (-478)/5. Let b be ((-10)/(-4))/((-8)/(u/15)). What is the greatest common divisor of b and 34?
2
Let p = -77 + 113. Calculate the greatest common factor of p and 27.
9
Let d be (-15)/(-3)*1/1. Suppose d*h - 11 = 4*h. Suppose 0*q = -q - 2, 494 = 4*s - 5*q. What is the greatest common divisor of h and s?
11
Let m(q) = q**2 - 21*q - 114. Let x be m(27). Calculate the greatest common factor of x and 12.
12
Let y(i) = -i**3 - 5*i**2. Let v be y(-5). Suppose v = 3*f + 15*f - 7056. What is the greatest common divisor of f and 56?
56
Suppose 0 = 3*z + 5*p - 347, 0*p - 2*p - 123 = -z. Let g = -77 + z. Calculate the highest common divisor of 462 and g.
42
Suppose -41 = -2*a + 7. Let z = 19 - a. Let s = z - -33. What is the greatest common factor of 4 and s?
4
Let h(w) = w**2 + 6*w - 2. Let d be h(-6). Let l be (-12)/d + (15 - 17). Suppose m - l - 2 = 0. What is the greatest common factor of m and 30?
6
Let y be (-78)/4*2/3. Let s = 33 - y. Calculate the highest common divisor of s and 23.
23
Let n(j) = 2*j. Let d(o) = o + 1. Let q(f) = -3*d(f) + 4*n(f). Let k be q(4). What is the highest common divisor of 51 and k?
17
Let q(y) = y**2 - 7*y - 10. Let n = 9 + 0. Let v be q(n). Suppose 2*p = 3*p + 2, 5*c + 3*p = 54. Calculate the highest common factor of v and c.
4
Suppose -3*n - 44 = 28. Let t be (22/4)/((-3)/n). Suppose -14*b = -2*b - 264. Calculate the highest common factor of t and b.
22
Let g = -1 - -74. Calculate the highest common factor of g and 146.
73
Suppose n + o = -20, n + 30 = -0*n - 3*o. Let z be 10 - ((-5)/(-10) - n/(-6)). Calculate the greatest common factor of z and 20.
4
Suppose -5*s + 126 - 11 = 0. Let y = 28 - s. Calculate the greatest common divisor of 5 and y.
5
Let p(l) = 6*l + 4. Let d(n) = 5*n + 5. Let a(r) = -4*d(r) + 3*p(r). Let w be a(-10). Calculate the greatest common divisor of w and 96.
12
Suppose 3*h = 3*q + 1368, -18*q + 19*q = -5. Calculate the greatest common divisor of 205 and h.
41
Let y = 173 - 117. Suppose -7*c = -2*c - 40. Calculate the highest common factor of y and c.
8
Suppose -41 = j - 2*u, -3*u = 3*j - 5*u + 131. Let q = 63 + j. Let z be (-6342)/(-70) + (-6)/10. What is the highest common factor of q and z?
18
Suppose 5*k - 42 = 33. Let b be (k/9 - 2)*-705. Let c = 335 - b. Calculate the highest common divisor of 20 and c.
20
Suppose 3*t - 6807 = -19*r + 20*r, 4*t - r = 9075. What is the greatest common factor of 108 and t?
108
Suppose 7*q + 0 = -7. Let b be (-82)/(-6) - (1/3)/q. Calculate the greatest common factor of b and 84.
14
Suppose -6*v + 31 = -53. Let u be v/35 + 58/5. Calculate the greatest common divisor of u and 6.
6
Let p be 8/(-14)*14/(-4). Suppose -l = g + 2*l + 3, 2*g - 10 = p*l. Calculate the greatest common divisor of 24 and g.
3
Let v be 11*-1*54/(-3). Let u = 108 - 55. Let s = u + -35. Calculate the greatest common factor of s and v.
18
Suppose p - 2*t + 6*t = 120, -3*p + 320 = 2*t. Let h = p + -76. Calculate the greatest common factor of h and 12.
4
Suppose 36*n - 26*n - 3230 = 0. Calculate the highest common divisor of n and 19.
19
Let n = 386 - 46. Calculate the highest common divisor of n and 40.
20
Let d be (3 + (-42)/10)*-5. Let x(o) = -5*o + 6. Let y be x(-12). Calculate the greatest common divisor of d and y.
6
Let z(s) = 6*s**2 - 28*s - 8. Let b be z(6). Calculate the greatest common factor of b and 32.
8
Suppose 16 = -4*q + 144. Let p be 672/120*270/63. What is the highest common factor of p and q?
8
Suppose -4*j - 30 = -6*j. Suppose 3*n + 2*z = 67, 7*n - z + 96 = 11*n. Suppose -m = -2*i - n, 60 + j = 3*m - i. What is the highest common factor of m and 125?
25
Suppose 98 = 4*y + c, 6*y + 4*c + 16 = 7*y. Calculate the greatest common divisor of 36 and y.
12
Suppose 0 = 10*p - 5*p - 290. Calculate the greatest common factor of 203 and p.
29
Suppose -106*g + 16521 - 3165 = 0. Let p be 28/(-6)*3*-2. Calculate the highest common divisor of g and p.
14
Suppose 12*w - 14*w + y + 10 = 0, 3*w - 2*y = 15. What is the highest common divisor of w and 25?
5
Let o = 9 - 0. Suppose 2*t = b, 2*t = -2*t + 8. Suppose d + 21 = 2*r - 2*d, b*r - 33 = 3*d. Calculate the greatest common divisor of o and r.
3
Suppose 2*s - 364 = -5*s. Suppose 3*l = 2*t + s, 2*t = -3*l - 2*t + 58. Calculate the greatest common factor of 45 and l.
9
Suppose -13*o - 143 + 1027 = 0. Calculate the greatest common divisor of o and 221.
17
Let y(m) = 3*m**2 + 13*m + 48. Let s be y(-7). Calculate the greatest common factor of s and 16.
8
Let y be (-96)/(-21) - ((-24)/(-42) + 0). Calculate the highest common divisor of 92 and y.
4
Let u be (-2 + 20/(-14))/(66/(-5544)). What is the greatest common divisor of u and 84?
12
Suppose 91 = 5*m + 8*m. Let d(k) = 21*k - 75. Let z be d(m). What is the greatest common divisor of z and 16?
8
Let g = 14 - -7. Let b be 14/6*36/48*4. What is the greatest common divisor of g and b?
7
Let k be ((-3)/3)/1*-3 - -26. Let d(z) = 17*z**2 + 3*z + 1. Let j be d(-3). Calculate the greatest common divisor of k and j.
29
Let z = 71 + 34. Calculate the greatest common factor of z and 175.
35
Let m = -329 - -343. Let b(j) = j**3 + 9*j**2 - 12*j - 13. Let o be b(-10). What is the highest common divisor of o and m?
7
Let s(k) = k + 15. Let m(f) = -2*f - 31. Let g(i) = 2*m(i) + 5*s(i). Let q be g(-13). Suppose q*u + 15 = u. Calculate the highest common factor of 30 and u.
15
Let y(j) = -25*j**3 - j**2 + j - 1. Let w be y(1). Let p be (-17)/(-5 + 9/2). Let n = w + p. What is the greatest common divisor of n and 2?
2
Let y(m) = -m + 14. Let g be y(6). Suppose -6*o = -5*o - g. Suppose 4*x - 13 - 19 = 0. What is the greatest common factor of x and o?
8
Let v be (-1690)/(-22) - 8/(-44). Suppose 2*h = -3*h + 10. Let z be (2/h)/(10/110). What is the greatest common factor of z and v?
11
Suppose -3*j = -2 - 31. Let z(n) = n - 2. Let s be z(-3). Let t be (2 - s/(-1)) + j. What is the greatest common factor of t and 2?
2
Let f(s) = -s**3 + 6*s**2 - 7*s - 4. Let a be f(4). Suppose -3*x + x - 4*t + 96 = a, 5*x = -t + 240. What is the greatest common divisor of x and 6?
6
Let r(i) = -i**3 - 4*i**2 + 4*i - 8. Let o be r(-5). Let u be o/((-1)/((-22)/(-6))). What is the highest common factor of 99 and u?
11
Suppose -3*k + j + 16 = 0, 2*j + 10 = 4*k - 8. Let l(b) = 10*b - 7. Let f be l(7). What is the highest common factor of f and k?
7
Suppose -36 = 5*r - 11*r. Let w = 8 - r. Let z(n) = -n**3 + 5*n**2 + 2*n - 2. Let a be z(5). Calculate the greatest common divisor of a and w.
2
Suppose 1369 = 33*m - 281. Calculate the highest common factor of m and 20.
10
Let i = -14 - -16. Suppose -i*u - 660 = -7*u. What is the greatest common factor of u and 12?
12
Let d(h) = h**3 + 10*h**2 + 8*h - 7. Let i be d(-9). Let s be (18/27)/(i/9). Let v be 3 - (278/(-2) - s). What is the greatest common divisor of v and 29?
29
Let g be (-68)/(-11) + 24/(-132). Suppose 70 = -5*t + g*t. Calculate the greatest common divisor of 14 and t.
14
Let v(c) = 200*c. Let k be v(1). Suppose -10*u = -5*u - k. Calculate the highest common factor of u and 20.
20
Let d be (-3 + -9)*(-10)/(-4). Let q be -2 - -6 - (1 + d). Calculate the highest common divisor of q and 3.
3
Let b be 9 + (-162)/9 + 59. What is the greatest common divisor of 230 and b?
10
Let w = -37 + 176. Suppose 0 = -4*u - 12, 2*u = -2*m + 3*u + w. Let k(q) = 17*q. Let b be k(1). What is the highest common factor of m and b?
17
Suppose 0 = -2*j + 5 + 1. Suppose 2*t = -j - 15. Let z = 1 - t. What is the highest common divisor of 